re the prime factors of 27747?
3, 3083
What are the prime factors of 715?
5, 11, 13
List the prime factors of 734.
2, 367
What are the prime factors of 6883?
6883
List the prime factors of 13519.
11, 1229
List the prime factors of 84654.
2, 3, 4703
What are the prime factors of 35574?
2, 3, 7, 11
List the prime factors of 1231.
1231
List the prime factors of 662.
2, 331
List the prime factors of 49356.
2, 3, 457
What are the prime factors of 4130?
2, 5, 7, 59
List the prime factors of 126775.
5, 11, 461
What are the prime factors of 2537?
43, 59
List the prime factors of 1086.
2, 3, 181
What are the prime factors of 5906?
2, 2953
What are the prime factors of 584?
2, 73
What are the prime factors of 1490?
2, 5, 149
What are the prime factors of 1377?
3, 17
List the prime factors of 23508.
2, 3, 653
List the prime factors of 22.
2, 11
List the prime factors of 3894.
2, 3, 11, 59
What are the prime factors of 610?
2, 5, 61
List the prime factors of 6771.
3, 37, 61
List the prime factors of 8916.
2, 3, 743
What are the prime factors of 2374?
2, 1187
List the prime factors of 1054.
2, 17, 31
List the prime factors of 16431.
3, 5477
List the prime factors of 142.
2, 71
What are the prime factors of 88?
2, 11
List the prime factors of 13083.
3, 7, 89
List the prime factors of 6625.
5, 53
What are the prime factors of 7089?
3, 17, 139
List the prime factors of 101.
101
What are the prime factors of 35289?
3, 1307
What are the prime factors of 30830?
2, 5, 3083
List the prime factors of 88013.
283, 311
What are the prime factors of 670?
2, 5, 67
List the prime factors of 2358.
2, 3, 131
What are the prime factors of 3265?
5, 653
What are the prime factors of 1109?
1109
List the prime factors of 110788.
2, 27697
What are the prime factors of 6555?
3, 5, 19, 23
List the prime factors of 8820.
2, 3, 5, 7
What are the prime factors of 344?
2, 43
List the prime factors of 957.
3, 11, 29
List the prime factors of 347.
347
List the prime factors of 1058.
2, 23
List the prime factors of 18017.
43, 419
What are the prime factors of 100836?
2, 3, 2801
List the prime factors of 1621.
1621
List the prime factors of 1464.
2, 3, 61
What are the prime factors of 21619?
13, 1663
What are the prime factors of 1690?
2, 5, 13
List the prime factors of 1833.
3, 13, 47
List the prime factors of 109816.
2, 7, 37, 53
List the prime factors of 2409.
3, 11, 73
List the prime factors of 40042.
2, 20021
List the prime factors of 62834.
2, 89, 353
What are the prime factors of 542?
2, 271
What are the prime factors of 80365?
5, 16073
List the prime factors of 139073.
11, 47, 269
What are the prime factors of 27943?
27943
List the prime factors of 15728.
2, 983
What are the prime factors of 1772?
2, 443
List the prime factors of 49808.
2, 11, 283
What are the prime factors of 21197?
11, 41, 47
What are the prime factors of 17809?
11, 1619
What are the prime factors of 3864?
2, 3, 7, 23
List the prime factors of 6341.
17, 373
What are the prime factors of 16525?
5, 661
List the prime factors of 111477.
3, 37159
What are the prime factors of 1324?
2, 331
List the prime factors of 9072.
2, 3, 7
What are the prime factors of 7523?
7523
List the prime factors of 442.
2, 13, 17
List the prime factors of 251.
251
What are the prime factors of 1306?
2, 653
List the prime factors of 25496.
2, 3187
List the prime factors of 852.
2, 3, 71
List the prime factors of 2885.
5, 577
List the prime factors of 2474.
2, 1237
What are the prime factors of 55494?
2, 3, 3083
List the prime factors of 41587.
7, 13, 457
What are the prime factors of 23332?
2, 19, 307
What are the prime factors of 3081?
3, 13, 79
List the prime factors of 18674.
2, 9337
What are the prime factors of 22556?
2, 5639
What are the prime factors of 3900?
2, 3, 5, 13
What are the prime factors of 8193?
3, 2731
List the prime factors of 17928.
2, 3, 83
List the prime factors of 50890.
2, 5, 7, 727
List the prime factors of 581.
7, 83
What are the prime factors of 4195?
5, 839
What are the prime factors of 47188?
2, 47, 251
What are the prime factors of 14320?
2, 5, 179
List the prime factors of 17342.
2, 13, 23, 29
List the prime factors of 28656.
2, 3, 199
What are the prime factors of 29881?
29881
List the prime factors of 1941.
3, 647
What are the prime factors of 1566?
2, 3, 29
What are the prime factors of 119199?
3, 39733
List the prime factors of 3591.
3, 7, 19
List the prime factors of 22127.
7, 29, 109
List the prime factors of 322.
2, 7, 23
What are the prime factors of 7989?
3, 2663
List the prime factors of 14997.
3, 4999
What are the prime factors of 441?
3, 7
List the prime factors of 75498.
2, 3, 12583
What are the prime factors of 27688?
2, 3461
What are the prime factors of 27498?
2, 3, 4583
List the prime factors of 18104.
2, 31, 73
What are the prime factors of 38120?
2, 5, 953
What are the prime factors of 1213?
1213
List the prime factors of 5766.
2, 3, 31
What are the prime factors of 82590?
2, 3, 5, 2753
List the prime factors of 2949.
3, 983
List the prime factors of 10157.
7, 1451
What are the prime factors of 1670?
2, 5, 167
List the prime factors of 1266.
2, 3, 211
List the prime factors of 2857.
2857
List the prime factors of 36458.
2, 18229
What are the prime factors of 145785?
3, 5, 9719
What are the prime factors of 9276?
2, 3, 773
List the prime factors of 2294.
2, 31, 37
What are the prime factors of 8281?
7, 13
What are the prime factors of 2313?
3, 257
List the prime factors of 757.
757
List the prime factors of 8809.
23, 383
What are the prime factors of 18081?
3, 7, 41
What are the prime factors of 2561?
13, 197
What are the prime factors of 19948?
2, 4987
What are the prime factors of 5923?
5923
List the prime factors of 1144.
2, 11, 13
List the prime factors of 8528.
2, 13, 41
List the prime factors of 5752.
2, 719
What are the prime factors of 210?
2, 3, 5, 7
What are the prime factors of 6130?
2, 5, 613
List the prime factors of 6190.
2, 5, 619
What are the prime factors of 64165?
5, 41, 313
What are the prime factors of 2608?
2, 163
List the prime factors of 5871.
3, 19, 103
What are the prime factors of 4683?
3, 7, 223
List the prime factors of 968.
2, 11
List the prime factors of 5216.
2, 163
What are the prime factors of 3494?
2, 1747
List the prime factors of 18891.
3, 2099
What are the prime factors of 34227?
3, 3803
List the prime factors of 9839.
9839
List the prime factors of 44920.
2, 5, 1123
List the prime factors of 36207.
3, 149
List the prime factors of 35420.
2, 5, 7, 11, 23
List the prime factors of 11110.
2, 5, 11, 101
What are the prime factors of 1380?
2, 3, 5, 23
What are the prime factors of 1390?
2, 5, 139
List the prime factors of 57383.
57383
What are the prime factors of 748?
2, 11, 17
List the prime factors of 1576.
2, 197
What are the prime factors of 869?
11, 79
What are the prime factors of 873?
3, 97
List the prime factors of 23595.
3, 5, 11, 13
What are the prime factors of 13011?
3, 4337
What are the prime factors of 3206?
2, 7, 229
List the prime factors of 8707.
8707
What are the prime factors of 1968?
2, 3, 41
List the prime factors of 44076.
2, 3, 3673
What are the prime factors of 251?
251
List the prime factors of 526.
2, 263
What are the prime factors of 2842?
2, 7, 29
What are the prime factors of 2785?
5, 557
List the prime factors of 955.
5, 191
List the prime factors of 13433.
7, 19, 101
What are the prime factors of 768?
2, 3
What are the prime factors of 20?
2, 5
List the prime factors of 423.
3, 47
What are the prime factors of 31150?
2, 5, 7, 89
What are the prime factors of 1837?
11, 167
List the prime factors of 3768.
2, 3, 157
What are the prime factors of 18531?
3, 29, 71
What are the prime factors of 176?
2, 11
List the prime factors of 1967.
7, 281
What are the prime factors of 8268?
2, 3, 13, 53
What are the prime factors of 29341?
13, 37, 61
List the prime factors of 28528.
2, 1783
List the prime factors of 55170.
2, 3, 5, 613
List the prime factors of 213.
3, 71
List the prime factors of 22.
2, 11
List the prime factors of 102164.
2, 25541
What are the prime factors of 18405?
3, 5, 409
What are the prime factors of 11208?
2, 3, 467
List the prime factors of 5967.
3, 13, 17
What are the prime factors of 41443?
41443
What are the 